s digit of z?
6
What is the units digit of (998/(-4))/((-27)/594)?
9
Let j = -41768 + 58447. What is the tens digit of j?
7
Let v be (-255)/(-10)*(-48)/(-9). Suppose -107 - v = -z. What is the tens digit of z?
4
Let r = -70231 - -136382. What is the ten thousands digit of r?
6
Suppose 175 = -4*k - 113. Let a = k - -150. What is the units digit of a?
8
Let v = 71921 - 36099. What is the thousands digit of v?
5
Let x(p) = -p**3 + 60*p**2 + 437*p - 250. What is the units digit of x(51)?
6
Let t(f) = 5 - 3*f + 209*f**2 - 4 + 5*f. Let a be t(-1). Let h = a - 104. What is the units digit of h?
4
Suppose -756*w = -751*w - 5*z - 4270, -z = 3*w - 2586. What is the tens digit of w?
6
Suppose -1383*f - j = -1384*f + 24977, -3*f + j = -74939. What is the ten thousands digit of f?
2
Let i(c) = c + 1. Let v(u) = 4*u + 16. Let h(o) = -15*i(o) - 3*v(o). What is the units digit of h(-14)?
5
Let d be (-1293)/((4 - -1) + -8). Let w = d - -1102. What is the thousands digit of w?
1
Let p = 980 + 7039. What is the units digit of p?
9
Let n(q) = -q**3 + 3*q**2 + 2*q - 3. Let o be n(3). Suppose 0 = -o*k - 0*k + 39. Suppose 0 = -w + k + 41. What is the units digit of w?
4
Let n(f) = 51*f - 1. Let g be n(1). Let u = 1726 + -1757. Let x = u + g. What is the units digit of x?
9
Suppose 0*f - 53 = -5*f - 2*p, 5*p = -5. Let j = 14 - f. What is the tens digit of 35 - 12/(j + -7)?
3
Let o be (3/(-2))/((-10)/40). What is the tens digit of 1/(o/3258 + 0)?
4
Let c be 6/(-2) + (-8 - -11). Let d be 769/4 - (-2)/(-8). Suppose h + 5*n - 84 = c, 4*h + d = 7*h - 5*n. What is the tens digit of h?
6
Suppose 29*f = 17*f + 14520. Let z = -267 + f. What is the units digit of z?
3
Suppose 4*m + 6 = 10. Let k be -1*((-3 - m) + -138). What is the units digit of k/6 - (-4)/12?
4
Suppose -9*t - 4*j = -4*t - 104, 0 = 2*t + 2*j - 42. Suppose -8*r + 10*r = t. What is the units digit of r?
0
Let r(s) be the second derivative of -29*s**3/3 + 30*s**2 - 40*s. What is the hundreds digit of r(-8)?
5
Let o = 546 - 552. What is the units digit of (-5 - o)/(2/1426)?
3
Let w(n) = -n**2 + 9*n - 11. Let x be w(7). Suppose -2*k + 132 = -x*k. What is the units digit of (k/(-16))/(6/80)?
0
Let w(h) be the first derivative of 151*h**3/3 + 2*h**2 + 3*h - 1. Let l(x) = -x**3 + 36*x**2 - 35*x - 1. Let v be l(35). What is the units digit of w(v)?
0
Suppose -78 - 48 = a + 5*r, r + 252 = -2*a. Let l = a - -649. What is the hundreds digit of l?
5
Let t = 46709 - 32176. What is the thousands digit of t?
4
Let c(o) = 12*o**2 - 19*o + 38. Let p be c(7). Suppose -p = -37*i + 36*i. What is the units digit of i?
3
Let h = 1905 + 6780. What is the thousands digit of h?
8
Let m(s) = 37*s**2 - 2*s + 1. Let x be m(1). Let y = 59 - x. What is the units digit of (-54)/10*(8 - y)?
1
Suppose b + 283 = 4*j, -2*j + 7*j - 345 = 3*b. Let c be (18/7)/(9/42). Suppose -4*h - c = 0, -p - 4*h + j = h. What is the tens digit of p?
8
Let i be ((-2)/(-2))/((-4)/(-8)). Let t be i - 8/(8/(-3)). Suppose -t = h - 77. What is the units digit of h?
2
Let z(j) = -2*j**2 + 4*j**3 - j - 3*j**3 + 0*j**3. Suppose 24*o - 69 - 51 = 0. What is the units digit of z(o)?
0
Suppose 4*z = -4*g + 6*g - 20148, -5*z - 50380 = -5*g. What is the units digit of g?
8
What is the units digit of (2350/(-75))/((-6)/972)?
6
Let r = 36 - 36. Suppose 5*v - 417 = -3*t, 5*t = -r*v + 4*v - 304. Let k = v + 28. What is the tens digit of k?
0
Suppose 5*p + 76685 = 8*p - y, 5*y = p - 25543. What is the thousands digit of p?
5
Suppose -3113639 = -100*r - 329339. What is the units digit of r?
3
Let t(k) = -k**2 + 7*k. Let u be (-1)/(1/1*2/(-14)). Let y be t(u). What is the tens digit of (-2 + 3 + y)*27?
2
Let b = 736 + -663. Suppose 0 = 72*p - b*p + 576. What is the hundreds digit of p?
5
Suppose 2958 = -5*k + 11*k. Let h(g) = -g**2 - 14*g - 17. Let q be h(-12). Suppose -q*v + 214 + k = 0. What is the tens digit of v?
0
Suppose -269*i + 12*i + 3784725 = 10*i. What is the tens digit of i?
7
Suppose 23 + 0 = s. Suppose 0 = s*z - 20*z - 15. What is the tens digit of (-15)/z - (-48)/1?
4
Let i(a) = -a**3 + 8*a**2 - 6*a + 16. Let h be i(7). Suppose -8713 + 1790 = -h*c. What is the hundreds digit of c?
3
Let v(f) = 22*f + 8 + 17*f - 38*f. Let j be v(-6). Suppose j*s = -5*y + 19 + 20, -s - y + 27 = 0. What is the units digit of s?
2
Suppose -4*f + 364946 = h, -2274*h - 8 = -2270*h. What is the thousands digit of f?
1
Let q(t) = 6*t**3 - 22*t**2 + 82*t - 11. What is the units digit of q(14)?
9
Let s(a) = -205*a - 274. Let n be (49*24/252)/(2/(-3)). What is the units digit of s(n)?
1
Suppose 0 = 231*a - 216*a - 182535. What is the hundreds digit of a?
1
Suppose -3*f - 248444 = -7*t, -5*t + 4*f + 21534 = -155939. What is the tens digit of t?
8
Let w(x) = x**3 + 19*x**2 + 17*x - 17. Let l be 8/(-10)*(-140)/(-8) - 3. Let k be w(l). Let h = k + -160. What is the tens digit of h?
1
What is the thousands digit of (-9)/(-2)*77560/210?
1
Suppose 0 = -5*s - 291 + 2376. Suppose k = -l + s, -5*k + 5*l = -k - 1650. What is the tens digit of k?
1
Let k(t) = t**3 + 18*t**2 + 17*t + 2. Let c be k(-11). Let j = c - 225. What is the units digit of j?
7
Suppose -3*i - 1 = 2*s, 0*i + 8 = 4*s - 4*i. What is the units digit of 134/4*(5 - (-6 + s))?
5
Suppose -4*w + 25*z = 20*z - 23103, -5*z = w - 5807. What is the tens digit of w?
8
Suppose 42*f - 44*f + 28 = 0. Let d(j) = -53*j**3 + 52*j**3 + 9*j - f + 3*j**2 + 3*j**2. What is the tens digit of d(5)?
5
Let z be (-1)/2 + 0 + (-7)/(-2). Suppose z*a = 252 - 9. Suppose a = l - 52. What is the hundreds digit of l?
1
Let g(t) = 2*t**3 - 8*t**2 - 3*t - 5. Let k(s) = s**2 + s. Let l(i) = g(i) + 2*k(i). Let u(y) = -14*y - 23. Let d be u(-2). What is the units digit of l(d)?
0
Let c = 2992 + 5022. What is the units digit of c?
4
Suppose -10 = -3*m - r, 4*m + 0*r - 16 = -2*r. Let s = 17767 + -26612. What is the tens digit of m/11 + s/(-55)?
6
Suppose -q = -3*n + 8 + 3, -4*q - 23 = -5*n. Suppose 5*v - 58 = -4*c + n*c, -3*c - 18 = -v. What is the hundreds digit of (v/9)/(3/423) - 3?
1
Let d = -41 + 59. Suppose -p + 1501 = d*p. What is the tens digit of p?
7
Suppose -26*y + 24430 = -12*y. Let q = 2470 - y. What is the hundreds digit of q?
7
Let k = -151 - -146. What is the hundreds digit of 151 - ((-25)/5)/k?
1
Let n(c) = -c**2 + 36*c - 31. Let k be n(23). Let r = 743 - k. What is the tens digit of r?
7
Let n(y) = y**3 - y**2 - 15*y - 19. Let q(m) = -2*m**3 + 2*m**2 + 31*m + 39. Let b(r) = 5*n(r) + 2*q(r). What is the hundreds digit of b(7)?
1
What is the thousands digit of 3597/1 + (-48)/(-53 - -49)?
3
Let x(v) = 4*v - 10. Let d be x(6). Suppose 9*y = d*y - 15. Suppose -5*p - 260 = -y*r, 2*r - r - 2*p = 85. What is the tens digit of r?
9
Suppose 0 = -17*q + 23*q - 4*h - 39768, -4*q + 26512 = -5*h. What is the hundreds digit of q?
6
Suppose 10*b - 9*b - 3*t = 4904, -24520 = -5*b + t. Suppose -13*m + v + 2949 = -10*m, -b = -5*m - 2*v. What is the tens digit of m?
8
Let i be -42*((-40)/(-6))/((-14)/14). Suppose 2*w = 4*w - 292. Let h = i - w. What is the tens digit of h?
3
Let s = -91 - -96. Let y be 3 - ((-45)/s)/3. Suppose 504 = 3*a + y*a. What is the units digit of a?
6
Let f = -74383 + 142892. What is the thousands digit of f?
8
Let w(s) = -7*s + 88. Let r be w(12). Suppose 9 - 1461 = -r*j. What is the tens digit of j?
6
Let r(c) = -10*c + 174. Let m be r(18). What is the tens digit of ((30/4)/5)/(m/(-3336))?
3
Let y = 31 - 25. Suppose -3*f - 12 = -y*f. Suppose f*n + 11 = 2*q + 33, 4*q = -12. What is the units digit of n?
4
Let c = 854 + -852. Let w = 101 - -205. What is the units digit of (7/21)/(c/w)?
1
Suppose -10*w + 489 = -11*w. Suppose i - 4*i + 6 = 0. What is the units digit of i/(-27)*w - 40/180?
6
Let t(v) = -2*v**3 + 25*v**2 + 15*v + 18. Let m be t(13). What is the tens digit of (-11)/(m/(-720)) - (7 + -2)?
7
Let z(p) = -59*p + 54 - 72*p + 112*p. What is the tens digit of z(-28)?
8
Let l(c) = -4*c**2 + 129*c + 7 + 2*c**2 + 1 - 128*c + 12*c**3 - 2. What is the hundreds digit of l(4)?
7
Let t(o) = 2*o**3 - 68*o**2 - 36*o - 7. Let i(y) = -3*y + 5. Let b be i(-10). What is the tens digit of t(b)?
8
Suppose r = 10*r - 3789. Suppose m - 3*j + 6*j = r, 5*j + 1684 = 4*m. Suppose 49 = -3*g + m. What is the hundreds digit of g?
1
Let r(p) = -347*p + 7. Let t(k) = -347*